{"version":"1.0","provider_name":"Luana, das Keltenkoboldm\u00e4dchen aus Hallein","provider_url":"https:\/\/luana-hallein.at\/neues","author_name":"admin","author_url":"https:\/\/luana-hallein.at\/neues\/author\/doris\/","title":"Stille Nacht - Luana, das Keltenkoboldm\u00e4dchen aus Hallein","type":"rich","width":600,"height":338,"html":"<blockquote class=\"wp-embedded-content\" data-secret=\"Xz1ogtXE52\"><a href=\"https:\/\/luana-hallein.at\/neues\/luanas-sommerprogramm-stille-nacht\/\">Stille Nacht<\/a><\/blockquote><iframe sandbox=\"allow-scripts\" security=\"restricted\" src=\"https:\/\/luana-hallein.at\/neues\/luanas-sommerprogramm-stille-nacht\/embed\/#?secret=Xz1ogtXE52\" width=\"600\" height=\"338\" title=\"&#8222;Stille Nacht&#8220; &#8212; Luana, das Keltenkoboldm\u00e4dchen aus Hallein\" data-secret=\"Xz1ogtXE52\" frameborder=\"0\" marginwidth=\"0\" marginheight=\"0\" scrolling=\"no\" class=\"wp-embedded-content\"><\/iframe><script>\n\/*! This file is auto-generated *\/\n!function(d,l){\"use strict\";l.querySelector&&d.addEventListener&&\"undefined\"!=typeof URL&&(d.wp=d.wp||{},d.wp.receiveEmbedMessage||(d.wp.receiveEmbedMessage=function(e){var t=e.data;if((t||t.secret||t.message||t.value)&&!\/[^a-zA-Z0-9]\/.test(t.secret)){for(var s,r,n,a=l.querySelectorAll('iframe[data-secret=\"'+t.secret+'\"]'),o=l.querySelectorAll('blockquote[data-secret=\"'+t.secret+'\"]'),c=new RegExp(\"^https?:$\",\"i\"),i=0;i<o.length;i++)o[i].style.display=\"none\";for(i=0;i<a.length;i++)s=a[i],e.source===s.contentWindow&&(s.removeAttribute(\"style\"),\"height\"===t.message?(1e3<(r=parseInt(t.value,10))?r=1e3:~~r<200&&(r=200),s.height=r):\"link\"===t.message&&(r=new URL(s.getAttribute(\"src\")),n=new URL(t.value),c.test(n.protocol))&&n.host===r.host&&l.activeElement===s&&(d.top.location.href=t.value))}},d.addEventListener(\"message\",d.wp.receiveEmbedMessage,!1),l.addEventListener(\"DOMContentLoaded\",function(){for(var e,t,s=l.querySelectorAll(\"iframe.wp-embedded-content\"),r=0;r<s.length;r++)(t=(e=s[r]).getAttribute(\"data-secret\"))||(t=Math.random().toString(36).substring(2,12),e.src+=\"#?secret=\"+t,e.setAttribute(\"data-secret\",t)),e.contentWindow.postMessage({message:\"ready\",secret:t},\"*\")},!1)))}(window,document);\n<\/script>\n","thumbnail_url":"https:\/\/luana-hallein.at\/neues\/wp-content\/uploads\/2022\/08\/31-08th.jpg","thumbnail_width":500,"thumbnail_height":500,"description":"Zum ersten Mal in diesem Sommer hat es der Wettergott nicht gut mit uns gemeint \u2013 es hat einfach nur wie aus K\u00fcbeln gesch\u00fcttet. Den Kindern hat es aber trotzdem viel Spa\u00df gemacht. Einmal im Jahr gibt es einen Platz an dem sich besonders viele Personen treffen. Was k\u00f6nnte das f\u00fcr ein Platz sein? Hinweise..."}

Luana, das Keltenkoboldmädchen aus Hallein

Stille Nacht - Luana, das Keltenkoboldmädchen aus Hallein

<blockquote class="wp-embedded-content" data-secret="Xz1ogtXE52"><a href="https://luana-hallein.at/neues/luanas-sommerprogramm-stille-nacht/">Stille Nacht</a></blockquote><iframe sandbox="allow-scripts" security="restricted" src="https://luana-hallein.at/neues/luanas-sommerprogramm-stille-nacht/embed/#?secret=Xz1ogtXE52" width="600" height="338" title="&#8222;Stille Nacht&#8220; &#8212; Luana, das Keltenkoboldmädchen aus Hallein" data-secret="Xz1ogtXE52" frameborder="0" marginwidth="0" marginheight="0" scrolling="no" class="wp-embedded-content"></iframe><script>
/*! This file is auto-generated */
!function(d,l){"use strict";l.querySelector&&d.addEventListener&&"undefined"!=typeof URL&&(d.wp=d.wp||{},d.wp.receiveEmbedMessage||(d.wp.receiveEmbedMessage=function(e){var t=e.data;if((t||t.secret||t.message||t.value)&&!/[^a-zA-Z0-9]/.test(t.secret)){for(var s,r,n,a=l.querySelectorAll('iframe[data-secret="'+t.secret+'"]'),o=l.querySelectorAll('blockquote[data-secret="'+t.secret+'"]'),c=new RegExp("^https?:$","i"),i=0;i<o.length;i++)o[i].style.display="none";for(i=0;i<a.length;i++)s=a[i],e.source===s.contentWindow&&(s.removeAttribute("style"),"height"===t.message?(1e3<(r=parseInt(t.value,10))?r=1e3:~~r<200&&(r=200),s.height=r):"link"===t.message&&(r=new URL(s.getAttribute("src")),n=new URL(t.value),c.test(n.protocol))&&n.host===r.host&&l.activeElement===s&&(d.top.location.href=t.value))}},d.addEventListener("message",d.wp.receiveEmbedMessage,!1),l.addEventListener("DOMContentLoaded",function(){for(var e,t,s=l.querySelectorAll("iframe.wp-embedded-content"),r=0;r<s.length;r++)(t=(e=s[r]).getAttribute("data-secret"))||(t=Math.random().toString(36).substring(2,12),e.src+="#?secret="+t,e.setAttribute("data-secret",t)),e.contentWindow.postMessage({message:"ready",secret:t},"*")},!1)))}(window,document);
</script>

Zum ersten Mal in diesem Sommer hat es der Wettergott nicht gut mit uns gemeint – es hat einfach nur wie aus Kübeln geschüttet. Den Kindern hat es aber trotzdem viel Spaß gemacht. Einmal im Jahr gibt es einen Platz an dem sich besonders viele Personen treffen. Was könnte das für ein Platz sein? Hinweise...
